ime number?
True
Suppose 0 = -c + 4*x + 27945, 139869 = 41*c - 36*c + 4*x. Is c composite?
True
Suppose 0 = -4*b + w + 24, 4*w - 8 = 8. Suppose 2*k - 3*o = b, 5*k = -3*o - 2*o + 30. Suppose 3*i + 8*a - 4*a - 273 = 0, k*i - a = 455. Is i a composite number?
True
Let z = -27327 + 48794. Is z a composite number?
False
Let a = 1162 - 297. Let k = 1177 + a. Is k a prime number?
False
Let a be (4158/(19 - 5))/(-1). Let g = 469 + -960. Let d = a - g. Is d a composite number?
True
Let u = 6574 + -2603. Suppose u - 21184 = -7*s. Is s a composite number?
False
Let t(n) = -2*n**3 - 73*n**2 + 108*n - 173. Is t(-66) prime?
True
Let r be (5 - 65/10)*-2. Suppose -r*l - 25289 = -2*v, 2*l - 2765 = -4*v + 47773. Is v a composite number?
False
Suppose 0 = -4*d + f - 180, 5*d + 4*f - 112 = -337. Is (-12)/(-27) + (-130345)/d composite?
False
Is 20/(-2) - -121317 - (1 - 3) composite?
False
Let h = 77 + -27. Let u(v) = 42*v + 40 - 101*v + h*v. Is u(-11) prime?
True
Suppose 4*r - 4 = m, -9 = -m + 2*r - 11. Suppose 6*c - 28*c + 702218 = m. Is c prime?
False
Is (-397672)/(-9) + 26/78*4/6 a prime number?
False
Let b = 149 + -145. Suppose -5*u + 0*t - 2*t = -14787, b*u + 4*t = 11820. Is u composite?
True
Suppose 46*x + 332181 - 12801412 = 415783. Is x a composite number?
True
Let m(s) = -3917*s + 2507. Is m(-10) prime?
False
Let n = -10771 - -3235. Let h = n - -17837. Is h composite?
False
Suppose 5*u - 5*c - 2360795 = 0, 417*u - 416*u - 472177 = 4*c. Is u prime?
False
Suppose 0 = -200*i - 99*i + 93168699. Is i composite?
True
Let l be (2 - (-2 + -46))*-38. Suppose 1781 = k + 3*t - 1534, -4*k - 5*t = -13232. Let h = l + k. Is h a composite number?
True
Let t(v) = -269*v + 8. Let x be t(6). Let q be ((-22)/3)/(13 - (-10875)/(-837)). Let k = q - x. Is k composite?
True
Is 12071/(-4)*1056/(-23 + -1) composite?
True
Suppose 18*l = -35*l - 246839 + 3190512. Is l a composite number?
False
Let d(f) = -55686*f - 517. Is d(-2) a prime number?
False
Is (-13909420)/(-1120) + (-2)/16 composite?
True
Let y(k) = -5143*k + 2131. Is y(-46) composite?
False
Is -4*7553249/(-22) - (0 - -1) a composite number?
True
Suppose -176*s = -17241204 + 14517429 - 27313969. Is s a prime number?
True
Suppose 116*z + 733090 = 228*z - 102*z. Is z prime?
True
Let p = 387559 - 202256. Is p a prime number?
True
Let d(h) = 60*h**2 + 23*h + 9. Let x(z) = z**3 - 27*z - 14. Let m be x(-5). Is d(m) a prime number?
True
Let m = 90 + -87. Suppose -5*i + k - 10 = -6*i, -26 = -m*i + k. Let o(t) = 24*t**2 - 27*t + 8. Is o(i) a prime number?
True
Let g(j) = -118*j - 111. Let i(p) = -118*p - 108. Let y(s) = -5*g(s) + 6*i(s). Is y(-23) a composite number?
False
Let a = 90 + -96. Let f be (2 + 8/(-3))*a. Suppose -4*t + 3808 = -f*y, 2*y - y = -t + 942. Is t prime?
True
Let g = -30336 + 66659. Is g composite?
True
Suppose 0 = -p + 4*f + 11781, -7*f - 2 = -9*f. Is p a prime number?
False
Let d(h) = 3*h + 45. Let j be d(-17). Is (-36)/j + 473 + 0 a composite number?
False
Let b(t) = 247*t**2 - 7*t + 5. Let g(h) = -h - 19. Let r be g(-16). Is b(r) a prime number?
False
Suppose -11*l = -9*l - 10. Suppose -l*o - 14 = -44. Suppose 3*n + 1653 = o*n. Is n a prime number?
False
Let n be (-24)/(-4) + 32/4 + 3. Suppose 3*z - 46 = 11. Suppose 902 = -n*b + z*b. Is b prime?
False
Let a(i) = 7322*i**2 - 851*i + 4236. Is a(5) a prime number?
False
Suppose -281 - 366 = s - 4*l, 0 = -2*s + l - 1273. Let i = 121 - s. Suppose 3*x - 5*q = i, 0 = -x + 2*q + 252 - 1. Is x a composite number?
False
Suppose 8*q - 3*q - 35 = 0. Let p(l) = -5*l - 5 - 3*l + 4*l - q*l. Is p(-9) a composite number?
True
Suppose -2*n - 7411 = o - 60667, 6*o = 5*n - 133123. Is n a composite number?
False
Suppose -a = 2*x - 2262399, -4524758 = 23*a - 25*a + 4*x. Is a a composite number?
True
Let r(c) = -c**2 + 10*c - 3. Let s be r(7). Let w(v) = 35*v - 1 + 4*v**2 + 2*v**2 - s*v. Is w(12) a composite number?
True
Let b be 68/(-85) + (-33948)/15. Let j = 6955 + b. Is j a composite number?
False
Suppose -2*h + 3*q + 4 + 0 = 0, -4*q + 13 = h. Suppose -h*j + 3853 = r - 5699, 5*r = -5*j + 47660. Is r composite?
True
Let l(y) = -138*y**3 - 24*y**2 + 13*y - 18. Is l(-7) composite?
False
Let u = 32 - 30. Suppose -2*m + 3 + 3 = 0. Suppose 12 = 3*i, 1180 = v + m*v + u*i. Is v prime?
True
Suppose -2*s = 2*s + 16. Let a(x) = 46*x**2 - 23*x**2 - 4 + 5 - 6*x + 41*x**2. Is a(s) a composite number?
False
Let h = -25786 - -48255. Is h a prime number?
True
Let r(a) = -462*a - 251. Is r(-81) prime?
True
Let b = -31 - -49. Let s be (68 - 1)/(3/b). Suppose 6*c + s - 1344 = 0. Is c prime?
True
Let x = 39 - 36. Suppose -y + 12626 = x*u, -y + 0 = 4. Let h = u + -2375. Is h a prime number?
False
Suppose -21*p + 7*p = -18*p. Suppose -r + 8 = -3*r, p = 3*m + 2*r - 11191. Is m a prime number?
True
Suppose 0 = -l - 3*g + 1030559, 72*g = 5*l + 77*g - 5152835. Is l a composite number?
False
Let g(j) = -j**3 + 7*j**2 + 4. Let k be g(7). Suppose -5*o = -0*a - k*a + 2, 4*o - 5 = a. Suppose -5*n + 5393 = -2*q, -a*n = -5*n - 5*q + 2163. Is n prime?
False
Let u be 1/3 + (-716)/(-12). Let x = u - -10. Suppose -5*n - 2*f = -4475 + x, -2*n = -4*f - 1738. Is n a composite number?
True
Suppose 4*r + 292750 = 1056014. Is (2/(-4))/((-16)/r) prime?
False
Let c be -2*(1 - -2)*(-3185)/(-26). Let o = 4888 - c. Is o prime?
True
Suppose 3*n = -c - 6846, -2*n + 3*n = c - 2278. Let v = -752 - n. Is v composite?
True
Suppose 14 + 6 = 2*x. Let n be ((-5)/x)/(1/3746). Let p = n + 3012. Is p a prime number?
False
Suppose 11*j - 189821 = 578606. Is j a composite number?
False
Let c(r) be the third derivative of r**6/60 + 4*r**5/15 - r**4/2 + 25*r**3/6 + r**2. Let h be c(-12). Is 2*(0 + h/(-2)) composite?
False
Let i(g) = -g**3 - 6*g**2 - 12*g - 13. Let d be i(-4). Is (-4 + 901/d)*3 a composite number?
True
Let j(h) = -799*h - 3187. Is j(-96) a prime number?
True
Let r(q) = -131*q - 92. Let i be r(-4). Suppose j = 5755 - i. Is j a composite number?
False
Is 11/(308/3078440)*(-1 - 36/(-8)) a composite number?
True
Suppose -t = 2*n - 14, 4*n + 84 = 4*t + 16. Suppose t*f = 22*f - 196494. Is f a composite number?
False
Let k(m) = -12*m + 35. Let f be k(3). Let j(q) = -566*q + 17. Is j(f) composite?
True
Let g(z) = z**2 + 21*z - 96. Let j be g(-25). Suppose -5*x + 2*t + 23509 = 0, 9*t - 23530 = -5*x + j*t. Is x prime?
True
Let o be (-8 - (-6 + -1)) + -1. Let m(s) = -851*s + 1. Is m(o) a composite number?
True
Suppose 214*l - 20*l - 12837057 = 93238457. Is l composite?
False
Let m(f) = 11*f**3 - 3*f**2 - 6*f + 7. Let n = -97 - -100. Is m(n) a composite number?
True
Let j(t) = -4*t**2 + 6*t + 5. Let i be j(2). Is (i - -2)*7493/3 composite?
True
Suppose 0 = -2*u - 4*x + 164, -13*u - x = -12*u - 81. Let s = u - -446. Is s a prime number?
False
Let k be 1/(5/(-65) + (-8)/(-52)). Is (2*98891/k)/(2*1) prime?
True
Let o = -294155 + 537973. Is o prime?
False
Suppose o = 2*o - 9877. Suppose 132*m - 572 = 152 - 64. Suppose 12 = -m*n + o. Is n a prime number?
True
Let y(c) = -25*c - 63. Let a be y(-3). Is 1739 - (-5)/(-10)*a a composite number?
False
Let f(p) = 9*p**2 - 6*p - 10. Suppose 0 = -d + 2 - 9. Let a be f(d). Suppose 0 = -5*y + a - 28. Is y composite?
False
Let b be (-2 + 116808/14)*98/14. Suppose 2*y + 5*g = -3*y + b, -23346 = -2*y - 4*g. Is y composite?
True
Let h = -617111 + 1207768. Is h prime?
True
Suppose 198 = -6*l + 3*l. Let s = -51 - l. Suppose s*y = 10*y + 3505. Is y a prime number?
True
Suppose -4*d - 38 = -4*t + t, -4*d - 42 = -5*t. Let s be (d/(-10))/((-1)/5). Is 2/(s + 2)*-563 prime?
True
Let p = -114 - -1944. Suppose c + 6552 = 3*o, 2521 = 2*o + 5*c - p. Is o composite?
True
Let z(j) = 405*j**2 - 25*j + 151. Is z(-14) a composite number?
True
Let a = -11 - 1. Let q be (2 - 1 - -109) + a + 9. Let u = q - 58. Is u prime?
False
Let r(n) = -n - 1. Let v(g) = 4*g**2 + 15*g + 4. Let l(d) = 2*r(d) + v(d). Let o(j) be the first derivative of l(j). Is o(8) a prime number?
False
Let p(a) = 5*a**2 + 7*a + 42257. Is p(0) a composite number?
False
Is ((20/25)/(16/40))/((-4)/(-564502)) prime?
False
Let d(x) = -13*x - 10*x + 11*x + 2. Let b be (6/(-18))/(3/(81/3)). Is d(b) prime?
False
Suppose 62 = 4*o + 3*v - 5*v, v + 18 = o. Suppose 1604 - 408 = -o*s. Is 2*s/16*-14 prime?
False
Let m(t) = -2820*t - 889. Is m(-5) prime?
False
Let 